ite number?
True
Let g be (39/3 - 3)/((-2)/11). Is -2435*(g/25)/11 composite?
False
Suppose -18*n + 1012 = -50. Suppose 66*k = n*k + 36211. Is k a composite number?
True
Let l(a) = a**2 + 7*a + 6. Let q be l(-7). Suppose q*t = r + 2*t + 69116, 5*t = -4*r - 276380. Is r/(-32) - 15/40 composite?
True
Let j(y) = 1958*y - 2583. Is j(13) prime?
True
Let z(w) = 53*w**3 - 2*w**2 - 10*w - 5. Let k be z(-7). Is (-5)/(k/63644 - (-4)/14) prime?
False
Let d(u) = -u**3 - 4*u**2 - 3*u + 11. Let h be d(-4). Let x = 2180 + h. Is x composite?
False
Suppose 4*c = -4*p + 2107620, 1580711 = 3*c - 17*p + 21*p. Is c a prime number?
True
Let r(f) = f - 2. Let h be r(0). Let x be h/(-4) + (0 - (-20)/8). Suppose -x*y + 11 = -7. Is y a composite number?
True
Suppose 0 = -53*w + 12987280 + 21661099. Is w a prime number?
True
Let n = 181 + -175. Suppose 31206 = -n*p + 12*p. Is p a prime number?
False
Let h(d) = -d**2 + 7*d + 24. Let l be h(9). Let w be (9/l - 1)/(2/(-4)). Is 2 + (-547)/w + -5 + 3 prime?
True
Let a(r) = 383*r + 69. Let t be a(5). Let b = 4791 - t. Is b a composite number?
True
Let p(f) = -25*f - 15*f - 43*f - 66 + 10*f. Is p(-5) prime?
False
Let z(t) be the first derivative of 2*t**3/3 - 11*t**2 - 5*t - 25. Let f be (-3)/(((-27)/(-48))/(-3)). Is z(f) a prime number?
False
Let c = 1158 - 1158. Let f = -28140 + 40660. Suppose c*s = -8*s + f. Is s a composite number?
True
Suppose -108501 = -4*m + k, -382*m - 81395 = -385*m - 2*k. Is m a prime number?
True
Is 1/1*((-2)/(-6) - 913572/(-81)) a composite number?
False
Let w(r) = -824*r**2 + 46*r + 152. Let b(n) = -411*n**2 + 24*n + 77. Let p(y) = 5*b(y) - 3*w(y). Is p(-4) a composite number?
False
Is 6*(1494474/4)/3 composite?
True
Suppose -3*s + 3*t = -435, -298 = -2*s + t + 3*t. Suppose -541 = -2*x + s. Is x a prime number?
False
Let m(t) = -64*t**2 + 8*t + 10. Suppose f - 4 = 3*h + 13, -22 = 2*h + 2*f. Let i be m(h). Let z = i - -4636. Is z composite?
True
Suppose -3528 = a - 2*a - 5*m, 4*a - 5*m = 14012. Is (6/(-4))/((-6)/a) composite?
False
Let g(t) = 2*t**3 - 28*t**2 - 14*t - 33. Let j(z) = -2*z**3 + 28*z**2 + 13*z + 31. Let f(s) = 5*g(s) + 4*j(s). Is f(19) composite?
True
Let h be (-168)/21*(0 + 1). Suppose 28 = -m + 12. Is (446 - 0)/(m/h) a composite number?
False
Suppose -37*f - 74399929 = -270*f. Is f a prime number?
True
Suppose -55600 = -o - 3*b - 16117, 2*o - 78978 = -3*b. Suppose 4*w - o = -11*w. Is w prime?
True
Let a(r) = -4*r**3 - 6*r**2 + 7*r - 16. Let l = -19 + 12. Let t be a(l). Let u = 1420 - t. Is u prime?
False
Let h be (-6)/(-4)*100/15. Let a = 12 - h. Suppose k + 4*t = 431, -4*k + 5*k + a*t - 439 = 0. Is k composite?
True
Suppose -23461 = -b + k + k, -4*k - 23465 = -b. Suppose -10*s + b = 11*s. Is s composite?
False
Let l = 232539 + -127652. Is l composite?
True
Let k(x) = -1130*x - 19. Let l = -37 + 39. Suppose -3*b - 10 = g, l*b + 14 = -3*g + 6*g. Is k(b) prime?
False
Suppose -2*y - 2200314 = -2*k, 2*k - 2200302 = -50*y + 55*y. Is k a composite number?
False
Suppose -6*u + 22*u - 1597479 = -23*u. Is u prime?
True
Let s = -3246 - -5877. Let i = 140 + s. Is i composite?
True
Suppose 9*d - 38 + 2 = 0. Suppose 4*i + 3*q + 596 = 0, q = d*i + 3*q + 596. Is i*2*-1 + -3 prime?
False
Suppose 0 = 6*b + 11*b. Suppose b = -2*a - 0*a - 4*p + 5426, -2*a - 2*p = -5432. Is a prime?
True
Suppose -2*r = -4*t + 38348, 556*r = 4*t + 553*r - 38348. Is t composite?
False
Is (-9)/(-5)*5 + 185344 a composite number?
True
Let d(y) = -2*y**3 + 197*y**2 + 61*y - 263. Is d(61) composite?
True
Let l(k) = -k**2 + 16*k - 15. Let n be l(1). Suppose n = 6*y - 21031 - 21203. Is y prime?
True
Let l(d) = 15*d**2 - 6*d - 12. Let b be l(-6). Suppose 960 + b = 6*n. Suppose -7*j + 5*j = -n. Is j prime?
True
Let v(w) = -w**2. Let l(j) = -j**3 - j**2 - j - 413. Let y(b) = -l(b) + v(b). Let p be 0/1*(-4)/8. Is y(p) composite?
True
Is -67894*((-7 - 0) + 429/66) composite?
True
Let f(k) = 8*k + 52. Let s be f(-6). Suppose 12*x = s*x + 4520. Is x prime?
False
Let u(r) = 26587*r + 3273. Is u(16) a composite number?
True
Let o be 1/(-2*3/(-18)). Let c(g) = -g**3 + 3*g**2 + 3*g - 4. Let x be c(o). Suppose -5*k + 4570 = -0*m + 5*m, -2718 = -3*k + x*m. Is k prime?
True
Is (-39 - -117918)*(-3 + 10/3) a prime number?
True
Suppose -7767 = 2*r + 13263. Let p be (10/(-25))/(1/r). Is 1 + (p - 2) - 4 composite?
False
Let s(f) be the third derivative of 979*f**4/24 + 21*f**3/2 + 42*f**2 - f. Is s(16) prime?
True
Suppose j = 2*j - 1. Let m(c) = -c - 2. Let r be m(j). Is -3*(-4106)/6 + r + 1 a composite number?
True
Let b = -3913 - -12054. Is b a prime number?
False
Let m = 10 - 14. Is (-2)/m + (1 - (-1510)/4) a composite number?
False
Let z = -38 - -10. Let l be (35/z - 0)/((-2)/8). Suppose -4*y - 4*o + 848 = 0, -l*y = -3*y + 4*o - 430. Is y prime?
False
Let q be 1 - 4 - ((5 - -3) + -428). Suppose 0 = 4*y - j - q - 5024, y - 1364 = -j. Is y composite?
False
Let m = -5108 - -18364. Let k = m + -9283. Is k composite?
True
Suppose 0 = 4*y + 5 + 7, 2*r = -3*y + 253. Suppose 0 = 2*q + 3*d + 58, 0 = -0*q - 5*q + 2*d - 183. Let j = r - q. Is j a prime number?
False
Let v = 3681 + 1958. Is v a prime number?
True
Let m(b) = 7*b**2 - 4*b - 22. Let t be (18 - (-6)/(-3))*4. Let k = t - 70. Is m(k) prime?
False
Suppose -1036 - 1184 = 6*d. Let c = 447 + d. Is c a composite number?
True
Suppose 4*x = 2*l + 13988, -2*l = -5*x + 7194 + 10289. Suppose -o = -1906 - x. Is o composite?
True
Let t = 713934 + -460801. Is t a composite number?
False
Suppose l - 2 = 0, 5*g - 3*l - 84 = -5*l. Suppose -25*z + 476868 = 17*z. Suppose 3562 - z = -g*y. Is y a prime number?
True
Suppose -5*y = -2*c + 193704, -103633 + 297319 = 2*c + 4*y. Is c a composite number?
False
Suppose -4*u = s + 23893, u + 5952 = -3*s + 7*s. Let h = u + 9271. Is h a prime number?
True
Let m be (-15)/2*((-1)/(-3) - 1). Suppose m*x - 70500 = -5*d, -42376 + 14166 = -2*x - 4*d. Suppose 14*h - 9*h = x. Is h prime?
True
Let f(n) be the first derivative of 17*n - 5/3*n**3 + 1/4*n**4 - 3/2*n**2 + 17. Is f(10) a prime number?
True
Let k(t) = 3*t**3 - 14*t**2 - 4*t + 28. Let v(x) = -x**3 + 2*x**2 + 3*x + 13. Let i be v(0). Is k(i) composite?
False
Let d(m) = 169*m**3 + 5*m - 17. Suppose 26 = 3*i + 17. Is d(i) composite?
False
Let t(p) = -329*p + 670. Let k be t(2). Let a(z) = 29 + 7*z**2 + 5*z - 12*z - 13*z. Is a(k) prime?
True
Suppose -2*b + 14673 = 5*n, -4*n - 2*b - 3*b = -11735. Let t = n - 732. Is t a composite number?
False
Suppose -6*n - 1494917 = -85*n. Is n a composite number?
True
Let d be (-13*(-6)/(-24))/((-1)/228). Is d + -8*4/8 a prime number?
False
Let d be (-180)/(-8)*(-40)/(-12). Let q = d + -70. Is q*1*(-4 - (-318)/30) a composite number?
True
Suppose -61881 = -10*d + 34729. Is d prime?
True
Let t(y) = -3324*y + 23. Let r(i) = -i**2 - 20*i - 21. Let g be r(-19). Is t(g) a composite number?
True
Suppose x + f - 39792 + 4434 = 0, 3*x = f + 106054. Is x a prime number?
True
Suppose -20 = -v - 3*v. Let s be -4*(-3)/(-10) - (-9187728)/2640. Suppose 3*u = -4*h + 3155, 0 = v*u + 3*h - s - 1772. Is u composite?
False
Let p = -47 + -325. Let j = p + 1631. Is j composite?
False
Let r(z) = 24 + 243*z - 98*z - 110*z + 75. Is r(10) composite?
False
Let m = -11090 - -15753. Is m composite?
False
Let r be (4/7)/((-10)/(-35)). Let j be (-2 + r - -1) + 1449. Suppose 6958 = 3*a - v, a - 4*v - 851 = j. Is a a composite number?
True
Let g(s) = s**2 + 3*s + 11. Let a be g(5). Let f(y) = -23 - 17 - 72*y + a. Is f(-6) composite?
False
Suppose -5 + 5 = x. Suppose x = -0*r + 2*r - 6. Suppose -3*u + 5*u + 2361 = r*a, a - 780 = 3*u. Is a prime?
False
Is ((-10)/4)/((-40)/(-8936))*-254 composite?
True
Let f be ((-330)/4)/((-1)/6). Suppose 4*r + 104 = 2*m + 36, -4*m + 3*r = -161. Let d = f - m. Is d prime?
False
Suppose -6*d + 124 = -8*d. Let u = -55 - d. Suppose -u*n - 4*n + 11605 = 0. Is n a prime number?
False
Suppose -5 = -5*u + 5*z, 3 = -3*u + z + 4. Let f(y) = y**3 + 2*y**2 + y + 4561. Is f(u) a composite number?
False
Suppose -3*a = -5*a - 5*k + 47216, 4*a + 4*k - 94468 = 0. Is a composite?
False
Let i(d) = -7*d - 157. Let o be i(-23). Suppose 3*j + 5504 + 4053 = o*n, -3*n + 4*j + 7159 = 0. Is n a prime number?
True
Let b = 234 - 115. Let t(v) = 4*v - 3 - b*v**2 + 658*v**2 - 3*v. Is t(1) prime?
False
Suppose 20*